- 1677, -2504 = -2*g - 2*c. Calculate the remainder when g is divided by 114.
113
Suppose 0*q = 3*r - q + 6, -15 = -5*q. Calculate the remainder when 45 is divided by (r*10)/5 + 26.
21
Let f(a) = -a**2 + 5*a - 2. Let c be f(4). Let y = -38 - -40. Suppose y*w = 3*g - 15, c*g - w = 4*w + 10. Calculate the remainder when 12 is divided by g.
2
Let k = 0 - 12. Let j(p) = -p**2 + 6*p + 4. Calculate the remainder when k/(-16) + 65/4 is divided by j(5).
8
Suppose 5*s + 31 = 6*s. Let g be (60/8)/(-5)*-16. Let l = g - 16. What is the remainder when s is divided by l?
7
Let p(m) = m**3 + 7*m**2 - 3*m + 4. Let t be p(-8). Let n = t - -52. Let a(b) = 2*b**2 + 7*b + 5. Calculate the remainder when a(-8) is divided by n.
13
Let d(f) = f**2 - 6*f + 6. Let a be d(6). Suppose p = a*p + j - 174, 0 = 4*p + 5*j - 135. Calculate the remainder when 104 is divided by p.
34
Suppose -m + 699 = p, -9*m - 707 = -p - 6*m. Calculate the remainder when p is divided by 27.
26
Calculate the remainder when 284 is divided by (-1547)/(-85) + -18 - 568/(-10).
56
Suppose -a = -5*p - 3*a - 41, 0 = 3*p + 4*a + 33. What is the remainder when 12 is divided by 1/1*(-3 - p)?
0
Let q = -3 - 25. Let m = 49 + q. What is the remainder when 57 is divided by m?
15
Suppose -3*u + 39 = r, 0 = 2*r + 4*u + 848 - 920. What is the remainder when 385 is divided by r?
25
Let x = -1 + 4. Suppose -10 = -a - 5*c + 5, c - 3 = -x*a. Suppose a*q = -4*q + 56. What is the remainder when 55 is divided by q?
13
Let p = 125 + -22. Let u = 3589 - 3553. Calculate the remainder when p is divided by u.
31
Suppose 4*j = c + 177, 9*j - 11*j - 4*c = -66. What is the remainder when j is divided by 12?
7
Let h = 22 - 16. Let k = -22 - -49. What is the remainder when k is divided by h?
3
Let g = 93 - 4. Let m be 2/(-7) + 1498/98. What is the remainder when g is divided by ((-114)/(-95))/(1/m)?
17
Let m be 3/(-6)*(-17 - -3). Let c = m - 4. Suppose -c*d - d = -48. What is the remainder when 57 is divided by d?
9
What is the remainder when 850 is divided by (-128)/(-6) - (-330)/198?
22
Let i = -731 + 809. Calculate the remainder when i is divided by 5.
3
Suppose -q - 298 = -395. What is the remainder when q is divided by 15?
7
Suppose -6*s = -s - 5. Let y(h) = 8*h**3 - h**2 - 2*h + 2. Calculate the remainder when 10 is divided by y(s).
3
Let d = 6 + -7. Let j be 3 - (-1 - 59) - d. Suppose 2*p + 0*p = j. What is the remainder when p is divided by 7?
4
Let d(s) = 2*s**3 - 12*s**2 + 10*s - 9. Suppose -5 = -2*r + 7. What is the remainder when d(r) is divided by 21?
9
Suppose -j + 61 + 79 = -4*x, j - 122 = -2*x. Calculate the remainder when j is divided by 45.
38
Suppose -5 = 5*z - 20. Suppose -z*j + j = -32. What is the remainder when 30 is divided by j?
14
Suppose -2*g + 37 = -107. Calculate the remainder when 139 is divided by g.
67
Let v = 41 + -26. Suppose 5 = 5*s - v, -5*d - s + 94 = 0. What is the remainder when (-6)/(-21) + 738/14 is divided by d?
17
Suppose 0 = -64*f + 1940 + 6444. What is the remainder when f is divided by 37?
20
Let q(g) = 67*g - 11. Let u(d) = 6*d + 1. Let x be u(-1). Let n(c) = 34*c - 6. Let a(b) = x*n(b) + 3*q(b). What is the remainder when a(2) is divided by 15?
14
Let v(n) = -25*n - 73. Calculate the remainder when v(-19) is divided by 15.
12
Suppose t - 5*f = 11, -11 = -0*t - t - f. What is the remainder when 37 is divided by t + -2 + (5 - 4)?
7
Suppose 2 = y, 5*t + 8 - 35 = -y. Suppose 0 = 2*o - 18 - 10. Calculate the remainder when o is divided by t.
4
Suppose 10*n - 912 = -28*n. Calculate the remainder when 213 is divided by n.
21
Let g = -948 - -1045. What is the remainder when 2227 is divided by g?
93
Let s be -2*-1*(-2 - -3). Let d(z) = 3 + 10*z**2 + 3*z**3 - s*z**3 + 2*z - z**3 - 2*z**3. Calculate the remainder when d(5) is divided by 5.
3
Let r = 30 - 27. Suppose -s = r*s - 24. Let f = 10 + 7. What is the remainder when f is divided by s?
5
Let f = 26 + -5. Let z = 1125 - 1065. Calculate the remainder when z is divided by f.
18
Let q(v) = 82*v + 467. What is the remainder when 509 is divided by q(-5)?
53
Let o = -52 - -36. Let p be o/(-20)*5/2. Suppose 3*q - p*q = 34. What is the remainder when 134 is divided by q?
32
Suppose v + 4*w - 266 = 0, -2*v = -6*v + 2*w + 1100. Calculate the remainder when v is divided by 55.
54
Let n(p) = 4*p**2 + 2*p + 1. Let g(h) = 4*h - 3 + 5*h - 2*h**2 - 5 + 3*h**2. Let w be g(-10). Calculate the remainder when n(w) is divided by 11.
10
Let v(c) = c - 15. Let y be v(15). Let k = y + 11. What is the remainder when 26 is divided by k?
4
Let d be (0 + 1)*(13 - -2). Suppose 3*b = -3*t + d, -3*t - 2*t = 3*b - 15. Suppose t = -x + 98 - 38. What is the remainder when x is divided by 21?
18
Suppose -4*p - 10*p + 3*p + 1177 = 0. Let b(k) = 8*k - 2. What is the remainder when p is divided by b(3)?
19
Let x(m) = 20*m + 2. Suppose o - 80 = -3*h, -3*h = 2*o - 29 - 53. Suppose 49 = 5*c - h. Calculate the remainder when x(2) is divided by c.
12
Let k(a) = a**2 - 7*a - 3. Let g be k(8). Suppose 10 = -2*s + 4*s - g*n, 5*s + 2*n = 54. Calculate the remainder when 19 is divided by s.
9
Let x be (4 - 0)*8/16. Suppose -t = r - 0*t - 18, x*r - 36 = 4*t. What is the remainder when 71 is divided by r?
17
Let d = -5274 + 5282. Let a be -14*-2*1/4. Calculate the remainder when d is divided by -1*(0 - (-1 + a)).
2
Let j(n) = 3*n**2 + 8*n - 22. Let o be j(3). Suppose 0 = -2*q - 3*q - 50. Let p = q + o. What is the remainder when 35 is divided by p?
16
Let y(a) be the first derivative of -2*a**2 - 4*a - 7. Let i be y(-5). Let z = -4 + i. What is the remainder when 46 is divided by z?
10
Let r = 11 - -15. What is the remainder when r is divided by 56/(28/4) + -1?
5
Let z be 1/(1*-3 - (-816)/273). Let a = z + 176. Calculate the remainder when a is divided by 22.
19
Let m(r) = -9*r**3 - 2*r**2 - 2*r - 1. Calculate the remainder when 469 is divided by m(-1).
5
Suppose -11*c + 126 = -83. What is the remainder when 210 is divided by c?
1
Suppose -13*o = 53*o - 8382. What is the remainder when o is divided by 12?
7
Suppose 0 = 3*v + 5*d + 1, 5*v + 3*d - 7 = -d. Suppose 0*u + 65 = 5*u. Calculate the remainder when u is divided by 4 - (0/v)/(-1).
1
Let a = -20 - -24. Suppose 3*k = 3*u + 159, -a*k + 167 = -5*u + 10*u. What is the remainder when k is divided by 18?
12
Let g be ((-45)/(-20))/((-3)/(-8)). Suppose -r - 2*r - g = 0. What is the remainder when ((-180)/(-24))/((-1)/r) is divided by 8?
7
Let a(y) = -2*y**2 - 5*y + 4. Let t be a(-4). Let l = t + 29. Calculate the remainder when l is divided by (-6)/((-30)/55) + 3 + -2.
9
Let f be -5*(-6)/40*52. Suppose -2*x = -5*x + f. Calculate the remainder when 48 is divided by x.
9
Suppose -5*i + i - 5*h = -139, -5*h + 108 = 3*i. Let v be ((-8)/(-12))/((-4)/6). Let a(x) = -123*x - 2. What is the remainder when a(v) is divided by i?
28
Suppose 4*j - 56 = i + 59, -j + 3*i = -15. Calculate the remainder when (-6)/3 + (j - -7) is divided by 9.
8
Suppose -296 - 224 = -5*h. What is the remainder when h is divided by (-2 - -5)*6 + 0?
14
What is the remainder when 1082 is divided by ((-51)/(-6))/((-14)/(-224))?
130
Let y(f) = f + 19. Suppose -2*h = -7*h. Let r = 225 + -150. Calculate the remainder when r is divided by y(h).
18
Let a be -19 + (0 - 2/2). Let m = -54 - a. Calculate the remainder when (5 - 1)*m/(-8) is divided by 9.
8
Let y = -5 + 11. Let f = 22 + -22. Calculate the remainder when (f - 1)*(-4 - 13/1) is divided by y.
5
Let c(j) = -j**3 - 16*j**2 - 1. Let d be c(-16). Let y = 16 - d. What is the remainder when y is divided by 7?
3
Let i = -43 - -43. Suppose i = -4*r + 149 + 111. What is the remainder when r is divided by (-4)/6 + (-53)/(-3)?
14
Suppose 0*x = -x + 7. Suppose x*j = j + 54. Calculate the remainder when j is divided by (8/4)/(4/6).
0
Suppose -m + 1 = 4*w, 5*w + m - 6 + 5 = 0. Suppose w*v = 2*v - 90. Let q = 12 - -4. What is the remainder when v is divided by q?
13
Suppose -4*z - 270 = -g - 799, -4*g = -5*z + 653. Let o = z - 60. What is the remainder when o is divided by 25?
23
Let p be 2/(42/(-70)*2/(-3)). Suppose 0 = -2*a + o - 2*o + 54, 0 = 5*a + 3*o - 134. What is the remainder when (p/5)/(1/83) is divided by a?
27
Suppose -3*r + 2*r = 3*o - 89, o = -2. Suppose -2*c = -r + 17. Suppose 9*i - 4*i - 100 = 0. What is the remaind